{"id":24,"date":"2015-10-08T14:11:18","date_gmt":"2015-10-08T12:11:18","guid":{"rendered":"http:\/\/www.friseur-stegmeier.de\/wp\/?page_id=24"},"modified":"2017-08-24T15:37:08","modified_gmt":"2017-08-24T13:37:08","slug":"ihr-fiseur-stegmeier","status":"publish","type":"page","link":"https:\/\/www.friseur-stegmeier.de\/wp\/ihr-fiseur-stegmeier\/","title":{"rendered":"Ihr Fiseur Stegmeier"},"content":{"rendered":"<div class=\"entry-content\">\n<p>Wellen, Locken, Bewegung, Volumen und viel Schwung.<br \/>\nGewagt wild oder modisch gestylt \u2013 auf alle F\u00e4lle verf\u00fchrerisch sch\u00f6n, f\u00fcr Damen und Herren.<\/p>\n<p>&nbsp;<\/p>\n<blockquote><p>Sprengen Sie Ihre Vorstellungen in punkto Haare<br \/>\nund vereinbaren Sie Ihren Termin<\/p>\n<p>&nbsp;<\/p><\/blockquote>\n<p>Wir freuen uns auf Ihren Besuch und nehmen uns extra viel Zeit f\u00fcr Sie!<\/p>\n<p>Friseur Stegmeier, Relenbergstra\u00dfe 73, 70174 Stuttgart\u00a0 <a href=\"http:\/\/www.friseur-stegmeier.de\/wp\/anfahrt\/\">::: Anfahrt :::<\/a><\/p>\n<table>\n<tbody>\n<tr>\n<td><img decoding=\"async\" loading=\"lazy\" class=\"alignnone size-full wp-image-19\" src=\"http:\/\/www.friseur-stegmeier.de\/wp\/wp-content\/uploads\/2015\/10\/IconsTelefonieren.png\" alt=\"IconsTelefonieren\" width=\"100\" height=\"100\" \/><\/td>\n<td>&nbsp;<\/p>\n<p><span style=\"font-size: 18pt;\">0711 \u2013 29 63 29<\/span><\/td>\n<\/tr>\n<\/tbody>\n<\/table>\n<p>&nbsp;<\/p>\n<h3>\u00d6ffnungszeiten:<\/h3>\n<p>Montag und Dienstag geschlossen<br \/>\nMittwoch \u2013 Freitag von 8.30\u00a0 \u2013 12:30 Uhr und 13:30 \u2013 18:00 Uhr<br \/>\nSamstag von 08:30 \u2013 13:00 Uhr<br \/>\nMontags im Lothar-Christmannhaus Hoffeld. Voranmeldung erbeten.<\/p>\n<p><strong>Individuelle \u00d6ffnungszeiten nach telefonischer Vereinbarung sind selbstverst\u00e4ndlich m\u00f6glich!<\/strong><\/p>\n<\/div>\n","protected":false},"excerpt":{"rendered":"<p>Wellen, Locken, Bewegung, Volumen und viel Schwung. Gewagt wild oder modisch gestylt \u2013 auf alle F\u00e4lle verf\u00fchrerisch sch\u00f6n, f\u00fcr Damen und Herren. &nbsp; Sprengen Sie Ihre Vorstellungen in punkto Haare und vereinbaren Sie Ihren Termin &nbsp; Wir freuen uns auf Ihren Besuch und nehmen uns extra viel Zeit f\u00fcr Sie! Friseur Stegmeier, Relenbergstra\u00dfe 73, 70174&hellip;<\/p>\n","protected":false},"author":1,"featured_media":81,"parent":0,"menu_order":0,"comment_status":"closed","ping_status":"closed","template":"","meta":[],"_links":{"self":[{"href":"https:\/\/www.friseur-stegmeier.de\/wp\/wp-json\/wp\/v2\/pages\/24"}],"collection":[{"href":"https:\/\/www.friseur-stegmeier.de\/wp\/wp-json\/wp\/v2\/pages"}],"about":[{"href":"https:\/\/www.friseur-stegmeier.de\/wp\/wp-json\/wp\/v2\/types\/page"}],"author":[{"embeddable":true,"href":"https:\/\/www.friseur-stegmeier.de\/wp\/wp-json\/wp\/v2\/users\/1"}],"replies":[{"embeddable":true,"href":"https:\/\/www.friseur-stegmeier.de\/wp\/wp-json\/wp\/v2\/comments?post=24"}],"version-history":[{"count":14,"href":"https:\/\/www.friseur-stegmeier.de\/wp\/wp-json\/wp\/v2\/pages\/24\/revisions"}],"predecessor-version":[{"id":233,"href":"https:\/\/www.friseur-stegmeier.de\/wp\/wp-json\/wp\/v2\/pages\/24\/revisions\/233"}],"wp:featuredmedia":[{"embeddable":true,"href":"https:\/\/www.friseur-stegmeier.de\/wp\/wp-json\/wp\/v2\/media\/81"}],"wp:attachment":[{"href":"https:\/\/www.friseur-stegmeier.de\/wp\/wp-json\/wp\/v2\/media?parent=24"}],"curies":[{"name":"wp","href":"https:\/\/api.w.org\/{rel}","templated":true}]}}

<div class="entry-content">
<p>Wellen, Locken, Bewegung, Volumen und viel Schwung.<br />
Gewagt wild oder modisch gestylt – auf alle Fälle verführerisch schön, für Damen und Herren.</p>
<p>&nbsp;</p>
<blockquote><p>Sprengen Sie Ihre Vorstellungen in punkto Haare<br />
und vereinbaren Sie Ihren Termin</p>
<p>&nbsp;</p></blockquote>
<p>Wir freuen uns auf Ihren Besuch und nehmen uns extra viel Zeit für Sie!</p>
<p>Friseur Stegmeier, Relenbergstraße 73, 70174 Stuttgart  <a href="http://www.friseur-stegmeier.de/wp/anfahrt/">::: Anfahrt :::</a></p>
<table>
<tbody>
<tr>
<td><img decoding="async" loading="lazy" class="alignnone size-full wp-image-19" src="http://www.friseur-stegmeier.de/wp/wp-content/uploads/2015/10/IconsTelefonieren.png" alt="IconsTelefonieren" width="100" height="100" /></td>
<td>&nbsp;</p>
<p><span style="font-size: 18pt;">0711 – 29 63 29</span></td>
</tr>
</tbody>
</table>
<p>&nbsp;</p>
<h3>Öffnungszeiten:</h3>
<p>Montag und Dienstag geschlossen<br />
Mittwoch – Freitag von 8.30  – 12:30 Uhr und 13:30 – 18:00 Uhr<br />
Samstag von 08:30 – 13:00 Uhr<br />
Montags im Lothar-Christmannhaus Hoffeld. Voranmeldung erbeten.</p>
<p><strong>Individuelle Öffnungszeiten nach telefonischer Vereinbarung sind selbstverständlich möglich!</strong></p>
</div>

<p>Wellen, Locken, Bewegung, Volumen und viel Schwung. Gewagt wild oder modisch gestylt – auf alle Fälle verführerisch schön, für Damen und Herren. &nbsp; Sprengen Sie Ihre Vorstellungen in punkto Haare und vereinbaren Sie Ihren Termin &nbsp; Wir freuen uns auf Ihren Besuch und nehmen uns extra viel Zeit für Sie! Friseur Stegmeier, Relenbergstraße 73, 70174&hellip;</p>
